late the highest common factor of 70522965 and 1425.
285
What is the greatest common factor of 30345404 and 248?
124
Calculate the greatest common factor of 51779403 and 78.
39
What is the greatest common factor of 80040 and 1143330?
690
Calculate the greatest common factor of 27354 and 121542.
282
Calculate the greatest common factor of 27 and 4486743.
9
What is the highest common divisor of 36 and 75369141?
9
What is the greatest common factor of 1658898 and 3588?
138
Calculate the greatest common factor of 16838563 and 28.
7
What is the highest common factor of 469481 and 1044?
29
Calculate the highest common divisor of 707740 and 5500.
220
Calculate the highest common divisor of 317682 and 2928069.
2997
What is the highest common divisor of 8239 and 12381138?
77
What is the highest common factor of 29850 and 457350?
150
Calculate the greatest common divisor of 833322455 and 7910.
3955
What is the greatest common divisor of 43381563 and 19461?
1497
What is the greatest common factor of 134497 and 67980?
11
What is the highest common factor of 15 and 30248215?
5
What is the greatest common factor of 55536 and 75504?
624
What is the highest common factor of 129251 and 24?
1
What is the greatest common divisor of 140 and 41801420?
20
What is the highest common factor of 57547125 and 7225?
7225
Calculate the highest common factor of 868714 and 13244.
154
What is the highest common factor of 31755045 and 42?
21
Calculate the highest common factor of 1928 and 40884686.
482
Calculate the highest common factor of 45 and 150993405.
45
What is the highest common factor of 933038 and 40548?
62
Calculate the greatest common factor of 564 and 228402516.
564
What is the highest common factor of 70730 and 53002490?
6430
Calculate the highest common factor of 4984 and 5742814.
1246
What is the greatest common divisor of 1197643 and 1900038?
2381
What is the highest common divisor of 52282 and 232?
2
What is the highest common divisor of 1216 and 4748024?
152
Calculate the highest common factor of 12597480 and 1575.
315
Calculate the greatest common factor of 7859640 and 16.
8
What is the highest common factor of 1082800 and 2150?
50
Calculate the greatest common factor of 32887992 and 120.
24
Calculate the greatest common divisor of 31743 and 423.
9
What is the highest common divisor of 7536482 and 2?
2
Calculate the greatest common factor of 2948 and 9556679.
737
What is the greatest common factor of 70356 and 522379?
143
What is the greatest common divisor of 26897 and 2171?
13
What is the greatest common factor of 8599240 and 668?
4
Calculate the highest common divisor of 825433695 and 57726.
9621
Calculate the greatest common factor of 5852 and 371140.
308
What is the greatest common divisor of 2 and 50641489?
1
What is the highest common divisor of 551100 and 22440?
660
What is the greatest common factor of 7734531 and 465?
93
Calculate the highest common factor of 11287744 and 230464.
832
What is the highest common divisor of 6198 and 3583477?
1033
What is the greatest common factor of 217494 and 327646?
562
What is the highest common divisor of 168 and 188329155?
21
Calculate the greatest common factor of 787368 and 4008.
24
Calculate the greatest common factor of 18401199 and 1042.
521
What is the highest common divisor of 60 and 430019220?
60
What is the highest common factor of 52 and 871468?
52
Calculate the greatest common factor of 246161 and 2368.
37
Calculate the greatest common factor of 707095125 and 220.
55
Calculate the highest common divisor of 270 and 2279922930.
270
Calculate the highest common divisor of 354164724 and 2460.
492
Calculate the greatest common factor of 64 and 156998.
2
Calculate the highest common divisor of 122274542 and 387.
43
Calculate the highest common factor of 86132 and 316.
4
Calculate the highest common divisor of 4080 and 799440.
240
What is the highest common divisor of 17539878 and 12?
6
Calculate the highest common divisor of 78589 and 209825.
763
What is the greatest common divisor of 2771163 and 135?
9
What is the highest common divisor of 5784516160 and 13120?
13120
What is the highest common divisor of 31304 and 5217121?
91
Calculate the highest common factor of 92 and 124030973.
23
What is the greatest common divisor of 107114222 and 205?
41
What is the greatest common divisor of 602 and 79658446?
602
What is the greatest common factor of 675 and 28908450?
225
Calculate the greatest common divisor of 88933790 and 154.
22
Calculate the greatest common factor of 19845800 and 40664.
1768
What is the highest common divisor of 8043 and 18652483?
383
Calculate the highest common factor of 348840351 and 6338.
3169
What is the greatest common factor of 231519674 and 76?
38
Calculate the highest common factor of 39512 and 2602853.
4939
What is the greatest common divisor of 6825 and 134204889?
273
Calculate the highest common divisor of 8975 and 11129.
359
Calculate the greatest common divisor of 20270 and 97970.
10
Calculate the greatest common factor of 159357288 and 24.
24
Calculate the greatest common divisor of 1677276 and 468.
36
What is the greatest common divisor of 4264 and 62665304?
104
Calculate the greatest common divisor of 411252 and 19264.
172
Calculate the highest common factor of 6976 and 1214478.
218
What is the greatest common divisor of 2850 and 28985127?
57
What is the greatest common factor of 5285880 and 4554?
18
Calculate the greatest common factor of 21 and 19375515.
3
What is the greatest common factor of 4670190 and 40?
10
Calculate the highest common divisor of 427 and 84171521.
427
What is the highest common factor of 19528359 and 987?
141
Calculate the greatest common divisor of 4476614 and 1106.
158
Calculate the greatest common divisor of 468 and 16109100.
36
What is the greatest common factor of 230 and 64824442?
46
What is the greatest common factor of 183 and 146826146?
61
Calculate the greatest common factor of 1179946 and 736.
46
What is the highest common factor of 38555964 and 3132?
1044
Calculate the greatest common divisor of 4503124 and 736.
92
What is the highest common divisor of 19650 and 4562730?
3930
What is the greatest common factor of 783216 and 12654?
666
What is the highest common factor of 1730101 and 5?
1
Calculate the greatest common factor of 4400535 and 105.
15
Calculate the greatest common divisor of 2651702 and 754.
58
Calculate the highest common factor of 13086 and 714971058.
4362
What is the highest common divisor of 47838492 and 208?
52
Calculate the greatest common divisor of 10270 and 523977454.
2054
Calculate the greatest common divisor of 48704 and 67136.
64
What is the greatest common divisor of 2028415 and 65?
5
Calculate the highest common divisor of 267879 and 9.
3
What is the highest common divisor of 4284 and 862036?
476
What is the greatest common divisor of 532 and 37860046?
266
Calculate the highest common factor of 5124 and 71056948.
244
What is the greatest common factor of 2153466 and 58236?
1266
Calculate the highest common divisor of 24459 and 97.
1
What is the greatest common divisor of 21959820 and 14364?
684
What is the greatest common divisor of 1160 and 1238590?
290
Calculate the greatest common factor of 19116 and 158724396.
2124
Calculate the greatest common divisor of 1895 and 67953184.
379
Calculate the highest common factor of 396 and 142520312.
44
Calculate the greatest common divisor of 363678 and 152390.
98
What is the highest common divisor of 181 and 9758977?
181
What is the highest common factor of 280688 and 400362?
106
What is the highest common factor of 3417071 and 21?
7
Calculate the highest common divisor of 348 and 4596268.
116
Calculate the greatest common divisor of 155664 and 49496.
184
What is the greatest common divisor of 168299757 and 9?
9
What is the greatest common factor of 106361680 and 16?
16
What is the greatest common divisor of 4566 and 35754063?
2283
What is the greatest common factor of 1304 and 317496616?
1304
Calculate the highest common factor of 4599840 and 11298.
42
Calculate the greatest common divisor of 16956296 and 56.
56
Calculate the highest common factor of 54438 and 74433.
129
What is the highest common divisor of 3136 and 1931188?
196
What is the highest common divisor of